18
What is the highest common divisor of 15183693 and 3416?
427
What is the greatest common divisor of 2261649 and 741?
39
Calculate the greatest common factor of 279 and 17481923.
31
Calculate the greatest common divisor of 23604949 and 1321.
1321
Calculate the highest common divisor of 3890962 and 239206.
262
What is the highest common divisor of 15352100 and 1600?
100
Calculate the highest common factor of 49 and 146159944.
49
What is the highest common divisor of 8388504 and 2472?
24
What is the greatest common divisor of 277711644 and 84?
84
What is the greatest common divisor of 56 and 5970980?
4
Calculate the highest common factor of 18053420 and 8360.
4180
Calculate the highest common factor of 4431 and 1550955.
21
Calculate the greatest common factor of 10051 and 885864987.
10051
Calculate the highest common factor of 1347251 and 93822.
823
What is the highest common factor of 83159 and 3637751?
607
What is the greatest common divisor of 229 and 103768831?
229
Calculate the greatest common factor of 329127416 and 113.
113
What is the highest common divisor of 248 and 1838349600?
248
What is the highest common divisor of 4210368 and 648?
24
What is the highest common divisor of 390 and 3865056?
78
Calculate the greatest common divisor of 321286 and 23382.
866
What is the highest common divisor of 35240750 and 375?
125
What is the greatest common factor of 42 and 6693771?
21
Calculate the highest common factor of 969 and 3588768.
51
Calculate the greatest common factor of 167324 and 31624.
236
What is the highest common factor of 244605895 and 5?
5
What is the greatest common factor of 18 and 44997534?
18
Calculate the greatest common factor of 3978765 and 175.
35
What is the highest common factor of 15382862 and 869?
11
Calculate the highest common divisor of 513 and 4232934.
171
What is the greatest common factor of 32 and 193126672?
16
What is the greatest common factor of 29913 and 12953343?
507
What is the highest common factor of 8752128 and 11760?
336
What is the greatest common divisor of 9 and 41109678?
9
Calculate the greatest common factor of 15191680 and 120.
40
What is the highest common factor of 3898334643 and 21?
21
Calculate the highest common factor of 388 and 23625708.
388
What is the greatest common factor of 339 and 12265020?
339
Calculate the highest common divisor of 2764132 and 323.
17
What is the highest common factor of 126693 and 4284?
63
Calculate the highest common divisor of 304881216 and 960.
192
Calculate the highest common factor of 352293 and 621.
3
Calculate the highest common divisor of 62945054 and 8090.
1618
What is the greatest common factor of 37272076 and 232?
116
What is the greatest common divisor of 189 and 159987114?
63
Calculate the greatest common divisor of 68228 and 2239092.
148
Calculate the greatest common factor of 77808133 and 637.
13
What is the greatest common factor of 3998235 and 30?
15
Calculate the highest common divisor of 232 and 1478408.
8
Calculate the highest common divisor of 223837 and 1.
1
What is the highest common factor of 14 and 2762102?
14
What is the greatest common factor of 119910650 and 1189?
1189
What is the highest common divisor of 139548384 and 1440?
288
What is the highest common factor of 12807526 and 310?
62
What is the greatest common divisor of 117 and 4108528827?
117
What is the highest common divisor of 12906355 and 1078?
539
Calculate the highest common divisor of 338965688 and 13808.
6904
What is the greatest common factor of 76 and 31697510?
38
Calculate the highest common factor of 14064 and 685128.
24
What is the greatest common divisor of 3478 and 859214?
74
Calculate the greatest common divisor of 254 and 1655191.
127
What is the highest common factor of 1825553925 and 45?
45
What is the greatest common divisor of 56775 and 192501315?
11355
Calculate the highest common divisor of 480 and 2649440.
160
What is the highest common divisor of 2 and 1075092?
2
Calculate the greatest common divisor of 8997573 and 3641.
331
Calculate the highest common divisor of 899 and 1700443.
31
What is the greatest common divisor of 105600 and 5998575?
825
Calculate the highest common factor of 11710800 and 46800.
3600
Calculate the highest common divisor of 6 and 1192595.
1
Calculate the highest common divisor of 88 and 9945232.
88
What is the greatest common divisor of 26894 and 3472182?
238
What is the greatest common divisor of 6394146 and 1188?
66
What is the greatest common factor of 1019042 and 196?
2
What is the greatest common factor of 356562 and 9372?
426
Calculate the highest common divisor of 222280 and 170.
10
What is the greatest common divisor of 264 and 716808?
24
Calculate the greatest common divisor of 416024 and 7958644.
1748
Calculate the highest common divisor of 7636170 and 1070.
10
What is the highest common divisor of 22545 and 2808940?
835
Calculate the greatest common divisor of 51 and 425441337.
51
Calculate the greatest common factor of 2804772 and 6909.
141
Calculate the highest common divisor of 638474857 and 5204.
1301
Calculate the greatest common factor of 1963 and 897344227.
1963
Calculate the greatest common factor of 2499 and 1147602.
51
Calculate the greatest common factor of 30841053 and 1746.
291
What is the greatest common divisor of 273 and 131159301?
273
What is the greatest common factor of 77824261 and 49303?
1049
Calculate the highest common divisor of 49 and 61604025.
49
What is the greatest common divisor of 22711 and 32240?
13
Calculate the highest common divisor of 3 and 8959893.
3
What is the highest common factor of 132364837 and 11?
11
Calculate the highest common factor of 606632 and 58023.
307
Calculate the greatest common factor of 4301044 and 328427.
4499
What is the highest common factor of 25838642 and 146?
146
What is the highest common factor of 66096 and 1450305?
81
Calculate the greatest common factor of 44635 and 27685.
565
Calculate the greatest common factor of 365335 and 20630821.
2357
Calculate the greatest common divisor of 278553452 and 456.
76
Calculate the greatest common factor of 22393647 and 855.
171
Calculate the greatest common divisor of 37699805 and 220.
55
What is the highest common factor of 370 and 91135995?
185
Calculate the highest common divisor of 166179318 and 6.
6
Calculate the greatest common factor of 2666122 and 9040.
226
What is the greatest common divisor of 16809 and 28414968?
1293
What is the greatest common divisor of 7816 and 42256?
8
Calculate the highest common divisor of 494 and 7851467.
13
What is the highest common divisor of 3070 and 5567752?
614
What is the highest common divisor of 23112 and 4512?
24
What is the greatest common factor of 546260 and 329940?
260
What is the highest common divisor of 86760 and 59085?
45
Calculate the greatest common factor of 5251 and 17089763.
59
Calculate the greatest common factor of 24992 and 105072.
176
What is the highest common factor of 56406 and 754698?
714
What is the highest common factor of 2466 and 91943851?
137
Calculate the greatest common factor of 159 and 100024939.
53
What is the highest common divisor of 2900 and 124905900?
2900
What is the greatest common divisor of 1792457 and 3505?
701
What is the highest common divisor of 8436356 and 762?
254
Calculate the highest common factor of 350595 and 30.
15
Calculate the greatest common divisor of 392 and 571192.
8
What is the greatest common divisor of 1157 and 76630?
1
Calculate the highest common divisor of 702806 and 2678.
26
Calculate the greatest common factor of 212 and 106148347.
53
What is the greatest common factor of 186781138 and 3658?
3658
What is the highest common divisor of 1296503 and 316388?
3439
What is the greatest common factor of 2238405 and 58305?
2535
Calculate the highest common factor of 18298 and 2617258.
14
What is the highest common factor of 4291787 and 8815?
43
What is the highest common factor of 789590537 and 83?
83
Calculate the highest common factor of 276 and 3772874.
46
What is the highest common divisor of 20345105 and 110?
55
What is the greatest common factor of 15 and 75584880?
15
Calculate the greatest common divisor of 245 and 21643055.
245
What is the highest common factor of 777480 and 21948?
372
What is the highest c